t b(d) = -10*d**2 + 15*d - 36. Calculate b(4).
-136
Let h(r) = -r**3 - 11*r**2 - 44*r - 6. What is h(-8)?
154
Let b(g) = -8*g**2 + 843*g - 3348. Give b(4).
-104
Let y(h) = 110*h - 1752. Calculate y(16).
8
Let n(o) = 43*o + 336. Calculate n(-8).
-8
Let r(f) = 82*f + 1617. What is r(-20)?
-23
Let d(s) = 37*s + 1050. Give d(-28).
14
Let l(r) = -2*r**2 + 17*r - 94. Give l(6).
-64
Let b(r) = 38*r + 220. Calculate b(-9).
-122
Let n(p) = 6*p**2 - 11*p - 55. Determine n(-8).
417
Let j(w) = w**3 + 258*w**2 - 3514*w - 111. Calculate j(13).
6
Let j(v) = -v**2 - 358*v + 359. What is j(1)?
0
Let v(q) = 2*q**2 + 43*q - 329. What is v(-28)?
35
Let v(x) = x**3 + 38*x**2 + 33*x - 145. What is v(-37)?
3
Let u(m) = 5*m**2 + 107*m - 200. Calculate u(-23).
-16
Let r(j) = j**2 + 15*j + 38. Give r(12).
362
Let z(j) = -j**2 - 50*j - 501. Give z(-16).
43
Let m(g) = 69*g + 380. What is m(-7)?
-103
Let k(y) = -y**3 + 18*y**2 - 48*y + 69. Determine k(13).
290
Let r(o) = 9*o - 43. Give r(2).
-25
Let d(r) = -r**3 - 3*r**2 + 108*r + 320. Calculate d(-3).
-4
Let f(g) = 3*g**2 + 6*g + 2. Give f(-4).
26
Let x(q) = -5*q**2 - 6*q - 25. Calculate x(-3).
-52
Let r(y) = 85*y**2 - 107*y - 219. Give r(-2).
335
Let d(f) = f**2 + 17*f - 217. Calculate d(-25).
-17
Let y(l) = 5*l**2 - 1119*l - 2239. Give y(-2).
19
Let o(l) = 93*l + 312. Give o(-15).
-1083
Let l(v) = 2*v**2 + 14*v - 164. Calculate l(-13).
-8
Let p(t) = -t**3 + 4*t**2 - 29*t - 31. Determine p(8).
-519
Let u(z) = -8*z**2 - 170*z - 740. Determine u(-15).
10
Let q(i) = -16*i**2 - 49*i - 61. What is q(-2)?
-27
Let k(r) = 3*r**3 - 58*r**2 - 59*r + 364. Give k(20).
-16
Let l(v) = 8*v + 73. Give l(-2).
57
Let u(h) = -5*h**2 + 19*h + 34. Give u(5).
4
Let t(w) = w**3 - w**2 + 13*w - 12. Determine t(5).
153
Let w(n) = n**2 - 304*n - 9305. Give w(-28).
-9
Let y(i) = -2*i**2 - 52*i - 120. What is y(-16)?
200
Let a(d) = 69*d - 40. What is a(0)?
-40
Let s(l) = -7*l + 288. Calculate s(40).
8
Let r(n) = 2*n**2 + 61*n - 313. Calculate r(-35).
2
Let v(f) = -101*f + 2027. What is v(20)?
7
Let k(o) = -4*o**2 + 106*o - 17. Determine k(27).
-71
Let u(z) = -71*z + 86. Calculate u(-4).
370
Let x(y) = y**3 - 5*y**2 + 6*y + 29. Give x(-3).
-61
Let a(v) = -v**2 - 16*v + 70. Determine a(12).
-266
Let q(g) = -118*g + 108. What is q(-2)?
344
Let a(l) = -l**2 + 39*l + 436. What is a(-9)?
4
Let r(j) = -73*j - 498. Calculate r(-7).
13
Let i(q) = 4*q**2 - 67*q - 417. Calculate i(-5).
18
Let n(h) = -11*h + 6. Give n(10).
-104
Let m(j) = -121*j + 111. Give m(1).
-10
Let b(l) = -3*l + 39. What is b(17)?
-12
Let x(v) = -2*v**3 + 3*v**2 + 60*v + 20. Give x(-7).
433
Let s(j) = -j**3 - 25*j**2 - j + 59. Give s(-25).
84
Let g(p) = -p**3 - 24*p**2 - 76*p - 162. Determine g(-22).
542
Let m(h) = -21*h - 1568. Determine m(-74).
-14
Let l(o) = -37*o - 4375. Give l(-122).
139
Let l(u) = 8*u**3 + 79*u**2 - 93*u + 69. Determine l(-11).
3
Let a(t) = -12*t + 47. Give a(1).
35
Let v(b) = 4*b**3 - 4*b**2 - b + 84. Determine v(0).
84
Let q(v) = 3*v**3 - 45*v**2 + 48*v - 33. Give q(14).
51
Let x(a) = 99*a**3 - 7*a**2 - 9*a - 2. Give x(-1).
-99
Let l(t) = -7*t**2 - 10*t + 92. Give l(6).
-220
Let k(t) = -1153*t + 4461. What is k(4)?
-151
Let t(v) = 55*v**3 - v**2 + 33*v - 32. Give t(1).
55
Let l(r) = -2*r**2 - 12*r + 637. What is l(18)?
-227
Let s(c) = c**3 + 10*c**2 + 5*c - 55. What is s(-9)?
-19
Let i(b) = b**3 - 46*b**2 - 317*b + 107. What is i(52)?
-153
Let u(y) = 2*y**3 - 50*y**2 - 65*y + 245. Calculate u(26).
-93
Let t(c) = 34*c - 13. Give t(-4).
-149
Let g(i) = i**3 - 28*i**2 - 4*i - 54. Calculate g(28).
-166
Let t(y) = 110*y**2 - 1103*y + 39. Calculate t(10).
9
Let a(j) = 70*j + 341. Determine a(-6).
-79
Let v(f) = 2*f**2 - 11*f - 15. Give v(9).
48
Let k(x) = 24*x - 315. Give k(13).
-3
Let x(u) = -36*u**2 - 146*u - 12. What is x(-4)?
-4
Let v(j) = j**2 + 524*j - 7541. Give v(14).
-9
Let p(s) = s**3 + 10*s**2 - 5*s + 42. Give p(-13).
-400
Let x(l) = l**3 + 27*l**2 + 161. Determine x(-27).
161
Let p(b) = 3442*b - 24071. Give p(7).
23
Let a(s) = 637*s + 8927. Give a(-14).
9
Let u(c) = -13*c**2 + 17*c + 85. Determine u(-4).
-191
Let c(x) = -59*x + 119. What is c(2)?
1
Let y(h) = -h**2 - 35*h - 271. Give y(-14).
23
Let j(z) = 15*z**2 - 203*z - 24. Give j(13).
-128
Let s(a) = -a**3 + 11*a**2 + 110*a - 115. What is s(-7)?
-3
Let n(c) = -3*c**2 + 222*c - 436. Give n(72).
-4
Let f(d) = 47*d - 134. Determine f(5).
101
Let c(a) = 3*a**2 - 8*a + 8. Determine c(4).
24
Let l(n) = -908*n + 153. Determine l(1).
-755
Let z(d) = -d**3 + 39*d - 4. What is z(-7)?
66
Let w(d) = -d**3 - 32*d**2 + 67*d + 2181. Determine w(-32).
37
Let w(u) = -2*u**2 - 13*u + 14. Calculate w(9).
-265
Let f(k) = k**2 + 501*k + 39187. Calculate f(-404).
-1
Let y(q) = -23*q + 3210. What is y(139)?
13
Let c(d) = d**2 + 43*d + 417. Determine c(-28).
-3
Let f(l) = -122*l + 226. Give f(3).
-140
Let h(b) = -b**3 - 44*b**2 - 77*b - 1375. What is h(-43)?
87
Let v(m) = -1006*m + 8. What is v(0)?
8
Let t(s) = -7*s**3 - 12*s**2 - 9. Determine t(-4).
247
Let q(w) = 13*w + 242. Give q(7).
333
Let z(o) = 143*o**2 - 9*o - 11. Calculate z(-1).
141
Let c(z) = 381*z + 6658. Calculate c(-17).
181
Let y(z) = -z**2 - 15*z + 926. Calculate y(24).
-10
Let g(y) = 482*y + 25994. Calculate g(-54).
-34
Let h(d) = -40*d**2 + 2322*d - 116. What is h(58)?
0
Let s(y) = -y**2 - 19*y - 104. What is s(-16)?
-56
Let o(b) = 2*b**2 + 46*b - 353. Calculate o(6).
-5
Let v(q) = 2*q**3 + 37*q**2 - 15*q + 248. Determine v(-19).
172
Let v(n) = -n**3 - 12*n**2 - 47*n - 90. Calculate v(-9).
90
Let i(l) = 3*l**2 - 203*l - 498. Give i(70).
-8
Let i(j) = 17*j + 15. What is i(-7)?
-104
Let p(h) = -h**3 + 19*h**2 - 33*h + 11. Give p(17).
28
Let w(t) = 6*t**2 + 171*t - 79. What is w(-29)?
8
Let i(t) = -10*t**2 + 624*t - 231. What is i(62)?
17
Let x(s) = s**2 + 22*s - 974. Give x(-44).
-6
Let h(m) = 77*m + 418. Determine h(-4).
110
Let j(p) = 197*p + 16887. What is j(-86)?
-55
Let n(p) = -5*p - 55. What is n(12)?
-115
Let r(d) = 52*d + 180. Calculate r(-4).
-28
Let a(i) = 85*i + 3627. Calculate a(-43).
-28
Let a(j) = j**3 + 32*j**2 - 72*j - 68. What is a(-34)?
68
Let p(z) = -3*z**3 - 7*z**2 + 137*z - 17. What is p(-8)?
-25
Let a(h) = 22*h - 76. Determine a(4).
12
Let c(n) = 34*n + 337. Give c(-10).
-3
Let t(z) = 29*z**2 + 289*z + 16. What is t(-12)?
724
Let c(y) = 824*y + 15690. Calculate c(-19).
34
Let s(d) = 16*d - 567. Determine s(19).
-263
Let m(t) = -6*t - 42. What is m(-5)?
-12
Let x(a) = -a**3 + 72*a**2 - 330*a - 338. What is x(67)?
-3
Let m(b) = b**2 - 180*b - 2124. What is m(-11)?
-23
Let b(y) = -1473*y + 198864. Determine b(135).
9
Let m(d) = -67*d + 4825. Give m(72).
1
Let y(k) = k**3 + 10*k**2 - 4*k + 61. Determine y(-7).
236
Let j(i) = i**3 - 19*i**2 - 8*i + 141. What is j(19)?
-11
Let a(z) = -z**3 + 11*z**2 - 4*z - 66. Determine a(10).
-6
Let t(x) = -7*x**3 - 2*x**2 - 14*x - 4. Give t(-2).
72
Let m(v) = -v**2 + 101*v - 502. Determine m(5).
-22
Let j(h) = 23*h + 790. Calculate j(-16).
422
Let p(f) = -5*f**3 + 11*f**2 - 9*f - 11. Calculate p(4).
-191
Let q(d) = 3*d**3 - 25*d**2 + 8*d - 21. Give q(2).
-81
Let c(q) = -q**2 + 17*q + 271. Calculate c(-10).
1
Let i(t) = -46*t + 1328. What is i(29)?
-6
Let o(t) = 10*t**2 - 273*t + 49. What is o(27)?
-32
Let b(t) = t**3 - 8*t**2 + 53*t - 166. Give b(4).
-18
Let p(v) = -v**2 - 257*v + 8608. What is p(-287)?
-2
Let o(t) = 3*t**2 - 372*t - 2758. Give o(-7).
-7
Let i(k) = 13*k**2 - 2450*k - 1326. What is i(189)?
-3
Let q(a) = -10*a - 40. Determine q(-13).
90
Let s(t) = -523*t - 3160. Calculate s(-6).
-22
Let c(m) = -m**3 - 12*m**2 - 19*m + 32. What is c(-10)?
22
Let i(s) = 219*s + 1759. Calculate i(-8).
7
Let a(u) = -12739*u - 4. Give a(0).
-4
Let b(p) = -415*p - 139030. Calculate b(-335).
-5
Let n(y) = -y**3 - y**2 + 11*y - 9. What is n(5)?
-104
Let m(a) = 13*a. What is m(7)?
91
Let c(j) = j**3 - 9*j**2 + 8*j + 10. Give c(2).
-2
Let c(o) = o**3 - 37*o**2 - 259*o + 29. What is c(43)?
-14
Let z(f) = -f**3 - 10*f**2 + 53*f + 13. Give z(-14).
55
Let v(s) = 32*s - 183. Give v(5).
-23
Let u(n) = -10*n**2 - 952*n - 185. What is u(-95)?
5
Let v(y) = y**3 + 175*y**2 - 180*y - 708. Give v(-176).
-4
Let d(q) = -3*q**2 + 57*q + 639. Calculate d(28).
-117
Let d(a) = -a**2 - 13*a - 7. What is d(-13)?
-7
Let x(w) = -82*w**